) to base 11.
-4
Convert -30 (base 12) to base 2.
-100100
Convert -1 (base 14) to base 7.
-1
6 (base 12) to base 2
110
Convert 42 (base 8) to base 5.
114
What is 19 (base 13) in base 7?
31
40 (base 6) to base 9
26
61 (base 16) to base 2
1100001
Convert 1032 (base 4) to base 8.
116
Convert a (base 11) to base 8.
12
What is 8 (base 16) in base 9?
8
21 (base 3) to base 2
111
Convert -7 (base 12) to base 7.
-10
Convert 3 (base 16) to base 5.
3
-3 (base 5) to base 16
-3
What is -1 (base 13) in base 2?
-1
26 (base 8) to base 11
20
-3 (base 5) to base 14
-3
Convert -44 (base 16) to base 15.
-48
Convert -113 (base 6) to base 3.
-1200
Convert -d6 (base 14) to base 11.
-161
66 (base 8) to base 4
312
125 (base 6) to base 5
203
What is -13 (base 7) in base 3?
-101
What is -14 (base 5) in base 3?
-100
-29 (base 13) to base 14
-27
-170 (base 14) to base 7
-600
Convert -3 (base 5) to base 6.
-3
4 (base 9) to base 14
4
What is 5 (base 11) in base 10?
5
Convert 2 (base 4) to base 13.
2
Convert -4 (base 6) to base 12.
-4
What is 1026 (base 7) in base 13?
21c
What is 0 (base 9) in base 8?
0
Convert 23 (base 12) to base 16.
1b
-2010 (base 4) to base 9
-156
Convert 1 (base 10) to base 6.
1
Convert -6 (base 12) to base 5.
-11
What is -3 (base 11) in base 15?
-3
What is -44 (base 5) in base 3?
-220
1 (base 12) to base 2
1
Convert -2 (base 14) to base 4.
-2
-1a (base 14) to base 16
-18
-54 (base 16) to base 14
-60
Convert -101 (base 4) to base 2.
-10001
6 (base 14) to base 12
6
18 (base 10) to base 11
17
Convert -14 (base 7) to base 16.
-b
-41 (base 6) to base 13
-1c
-132 (base 5) to base 6
-110
Convert -21111 (base 3) to base 4.
-3022
What is 1224 (base 5) in base 11?
162
-1112 (base 5) to base 9
-184
What is 11 (base 7) in base 4?
20
Convert -13 (base 12) to base 5.
-30
Convert -37 (base 13) to base 8.
-56
Convert -61 (base 8) to base 3.
-1211
Convert -2 (base 6) to base 4.
-2
20 (base 10) to base 9
22
-2c (base 16) to base 9
-48
Convert 10 (base 3) to base 16.
3
Convert 0 (base 8) to base 6.
0
Convert 10102 (base 3) to base 2.
1011100
20 (base 5) to base 12
a
Convert -6 (base 13) to base 4.
-12
33 (base 8) to base 12
23
Convert -111 (base 8) to base 7.
-133
What is 3 (base 11) in base 16?
3
Convert -11 (base 6) to base 11.
-7
0 (base 13) to base 14
0
Convert 4 (base 7) to base 3.
11
Convert 115 (base 6) to base 7.
65
What is 0 (base 7) in base 11?
0
What is 2232 (base 4) in base 16?
ae
108 (base 11) to base 14
93
1 (base 10) to base 12
1
12 (base 7) to base 12
9
Convert -13 (base 5) to base 12.
-8
Convert -1b (base 16) to base 14.
-1d
-3 (base 11) to base 10
-3
23 (base 8) to base 16
13
4 (base 11) to base 6
4
-26 (base 14) to base 11
-31
Convert 1021 (base 5) to base 8.
210
-7a (base 12) to base 11
-86
What is -119 (base 10) in base 6?
-315
-2 (base 16) to base 6
-2
Convert -29 (base 13) to base 10.
-35
11 (base 6) to base 9
7
What is 15 (base 11) in base 16?
10
42 (base 9) to base 2
100110
-2c (base 16) to base 2
-101100
Convert 11 (base 4) to base 5.
10
What is -2 (base 13) in base 8?
-2
Convert 37 (base 16) to base 5.
210
2 (base 10) to base 11
2
What is -c (base 14) in base 4?
-30
2 (base 12) to base 13
2
Convert 43 (base 12) to base 5.
201
What is 1001 (base 2) in base 10?
9
What is -4 (base 8) in base 3?
-11
Convert 251 (base 10) to base 14.
13d
What is -5 (base 16) in base 6?
-5
What is 0 (base 11) in base 7?
0
What is -1021 (base 4) in base 8?
-111
Convert 2 (base 7) to base 12.
2
-151 (base 7) to base 4
-1111
Convert 22 (base 13) to base 3.
1001
What is 2 (base 3) in base 2?
10
What is -10 (base 6) in base 12?
-6
-45 (base 14) to base 10
-61
What is 36 (base 16) in base 15?
39
-1011110 (base 2) to base 8
-136
-3 (base 5) to base 11
-3
Convert 11 (base 7) to base 10.
8
-2 (base 3) to base 8
-2
What is 2 (base 12) in base 3?
2
What is 9 (base 15) in base 2?
1001
-3 (base 14) to base 10
-3
Convert 9 (base 10) to base 13.
9
What is -2 (base 14) in base 3?
-2
Convert -10030 (base 4) to base 16.
-10c
67 (base 8) to base 11
50
Convert -19 (base 11) to base 2.
-10100
Convert 0 (base 16) to base 13.
0
Convert -1a (base 14) to base 5.
-44
Convert -3 (base 12) to base 8.
-3
What is -10 (base 16) in base 13?
-13
What is 42 (base 12) in base 9?
55
75 (base 15) to base 10
110
Convert -b5 (base 16) to base 3.
-20201
Convert -25 (base 8) to base 12.
-19
What is 9c (base 14) in base 15?
93
c (base 15) to base 11
11
193 (base 13) to base 7
562
-31 (base 5) to base 10
-16
-4 (base 13) to base 2
-100
-48 (base 14) to base 5
-224
What is 1 (base 10) in base 8?
1
-1 (base 6) to base 8
-1
Convert 83 (base 10) to base 9.
102
What is -10 (base 4) in base 3?
-11
34 (base 12) to base 13
31
What is -2e (base 15) in base 9?
-48
-77 (base 12) to base 10
-91
What is 48 (base 10) in base 15?
33
Convert 1 (base 12) to base 10.
1
What is 5 (base 11) in base 15?
5
130 (base 4) to base 16
1c
What is b (base 15) in base 7?
14
What is 4 (base 15) in base 11?
4
-1202 (base 3) to base 16
-2f
What is 144 (base 5) in base 9?
54
52 (base 6) to base 3
1012
What is -13 (base 6) in base 10?
-9
What is -2 (base 4) in base 12?
-2
What is -2 (base 11) in base 6?
-2
Convert -5 (base 9) to base 12.
-5
What is -3 (base 12) in base 6?
-3
Convert 22 (base 5) to base 11.
11
Convert 11 (base 10) to base 7.
14
What is 4 (base 7) in base 10?
4
Convert -41 (base 6) to base 5.
-100
1 (base 8) to base 11
1
What is 20 (base 4) in base 13?
8
What is 3 (base 4) in base 10?
3
What is 3 (base 11) in base 16?
3
What is -13 (base 16) in base 11?
-18
Convert 45 (base 11) to base 12.
41
Convert -2 (base 16) to base 5.
-2
Convert -3 (base 8) to base 12.
-3
What is -3 (base 9) in base 2?
-11
-24 (base 5) to base 15
-e
232 (base 5) to base 14
4b
What is 103 (base 5) in base 12?
24
What is 124 (base 6) in base 2?
110100
What is -1104 (base 5) in base 14?
-b0
What is 13 (base 11) in base 8?
16
3b (base 12) to base 3
1202
What is 103 (base 6) in base 8?
47
Convert 11 (base 3) to base 10.
4
Convert 3 (base 9) to base 5.
3
Convert 2 (base 4) to base 8.
2
Convert 36 (base 11) to base 2.
100111
-101 (base 2) to base 4
-11
What is 331 (base 7) in base 10?
169
6 (base 16) to base 15
6
What is 4 (base 8) in base 16?
4
-14 (base 8) to base 12
-10
Convert -12 (base 3) to base 7.
-5
What is -1 (base 3) in base 12?
-1
What is -23 (base 6) in base 12?
-13
-442 (base 5) to base 13
-95
Convert 0 (base 11) to base 4.
0
What is 10102 (base 4) in base 9?
334
What is 0 (base 16) in base 9?
0
d (base 16) to base 8
15
What is 2d (base 15) in base 16?
2b
Convert -11 (base 3) to base 9.
-4
Convert -75 (base 11) to base 9.
-101
-101102 (base 3) to base 15
-13b
Convert 2 (base 4) to base 12.
2
Convert -132 (base 9) to base 2.
-1101110
What is -b2 (base 13) in base 9?
-171
What is 22 (base 4) in base 5?
20
What is 134 (base 8) in base 3?
10102
4a (base 11) to base 12
46
Convert -12210 (base 3) to base 7.
-312
303 (base 5) to base 14
58
16 (base 14) to base 5
40
Convert -17 (base 13) to base 16.
-14
Convert -13 (base 5) to base 12.
-8
What is -2 (base 9) in base 5?
-2
Convert 79 (base 14) to base 3.
10222
-121 (base 3) to base 13
-13
What is -54 (base 15) in base 12?
-67
What is -1 (base 11) in base 9?
-1
314 (base 6) to base 9
141
-4 (base 11) to base 14
-4
Convert 36 (base 15) to base 16.
33
What is 14 (base 6) in base 4?
22
Convert 1400 (base 5) to base 14.
121
2 (base 10) to base 5
2
-36 (base 11) to base 16
-27
What is -20 (base 3) in base 7?
-6
Convert -7 (base 13) to base 11.
-7
What is 60 (base 9) in base 6?
130
Convert 121 (base 10) to base 14.
89
10 (base 11) to base 3
102
-82 (base 11) to base 12
-76
What is 4 (base 10) in base 4?
10
12001 (base 3) to base 8
210
-113 (base 6) to base 3
-1200
Convert -11 (base 5) to base 13.
-6
-b (base 15) to base 7
-14
What is 3 (base 10) in base 14?
3
e (base 15) to base 10
14
Convert -3 (base 15) to base 14.
-3
1 (base 4) to base 8
1
What is 4 (base 7) in base 6?
4
What is 5b (base 12) in base 16?
47
What is 2 (base 5) in base 8?
2
What is 1 (base 7) in base 11?
1
What is -1 (base 15) in base 7?
-1
6 (base 7) to base 2
110
What is -61 (base 10) in base 5?
-221
2 (base 4) to base 14
2
Convert -7a (base 11) to base 13.
-69
What is 13 (base 9) in base 16?
c
-5 (base 6) to base 14
-5
Convert 0 (base 16) to